- 0?
22204302
In base 3, what is 1010211202221 - 22?
1010211202122
In base 8, what is 1 - -1072311?
1072312
In base 4, what is -2 + 100023113?
100023111
In base 14, what is 30a13 - 1?
30a12
In base 7, what is -23300 + 6?
-23261
In base 11, what is -80a - -195?
-625
In base 5, what is 0 + 333112?
333112
In base 7, what is 3054 + -30?
3024
In base 5, what is 4 - -20140024?
20140033
In base 6, what is 240435 + 4?
240443
In base 6, what is -2 + -1440131?
-1440133
In base 9, what is 144 - -10402?
10546
In base 8, what is -120610 + -32?
-120642
In base 6, what is 0 + -52130234?
-52130234
In base 8, what is 4 - -32542?
32546
In base 15, what is -4e99e + -2?
-4e9a1
In base 7, what is -320045 - -4?
-320041
In base 9, what is -355 + 283?
-62
In base 7, what is 4360 - 4610?
-220
In base 6, what is 21020 + 10?
21030
In base 13, what is b + -4c3?
-4b5
In base 7, what is 123163 + -5?
123155
In base 16, what is 95 + -26?
6f
In base 7, what is -105611505 + -1?
-105611506
In base 16, what is 6 - -52a0?
52a6
In base 12, what is -4 + -a282?
-a286
In base 4, what is 31 - -12330021?
12330112
In base 15, what is 4c9 - a8?
421
In base 5, what is 3 - 42003001?
-42002443
In base 5, what is -21341 - -4?
-21332
In base 15, what is a87d - 5?
a878
In base 14, what is 8 - -20611?
20619
In base 7, what is 1 - -133432?
133433
In base 2, what is -10001100 - -1010100000?
1000010100
In base 4, what is 10233 - 20010?
-3111
In base 6, what is -1 + -30520103?
-30520104
In base 6, what is -3 + 5542412?
5542405
In base 8, what is -31 - -2166?
2135
In base 5, what is -102401 + -1010?
-103411
In base 2, what is -10101000 - -111011100?
100110100
In base 2, what is 1100011001110101 - -11?
1100011001111000
In base 9, what is -7 - 1235428?
-1235436
In base 6, what is 3114300 - 12?
3114244
In base 9, what is -2 - -125138?
125136
In base 5, what is 44 - -14041?
14140
In base 15, what is 1a + -6b25?
-6b0a
In base 8, what is -105474 - 1?
-105475
In base 5, what is -20 - 110020324?
-110020344
In base 9, what is 14 - -278?
303
In base 5, what is 13001434 + 0?
13001434
In base 12, what is -a82 - 1a8?
-106a
In base 11, what is 3 - -2a17?
2a1a
In base 7, what is 4541 - 433?
4105
In base 12, what is -11 - -1014?
1003
In base 7, what is -153 - 21?
-204
In base 16, what is 5 - 41ebe?
-41eb9
In base 14, what is -3344 - -4?
-3340
In base 12, what is -6a - -3849?
379b
In base 8, what is -2 - 112030?
-112032
In base 14, what is 2 + 583ab?
583ad
In base 3, what is 1010001 + 2110?
1012111
In base 12, what is 317 - 407?
-b0
In base 2, what is -11 - -11100101000100?
11100101000001
In base 13, what is ba + -42?
78
In base 9, what is -51 + 10173?
10122
In base 9, what is -4 - 4870?
-4874
In base 4, what is -131221102 + -12?
-131221120
In base 10, what is 368 + -4?
364
In base 3, what is -1122202 - 10222?
-1210201
In base 9, what is 0 + -451072?
-451072
In base 6, what is -213 + 1114?
501
In base 14, what is 5 + 8256c?
82573
In base 2, what is -1010 + -10010010000101101?
-10010010000110111
In base 3, what is -2 - 210222120?
-210222122
In base 12, what is 5 + -19021?
-19018
In base 15, what is -1a12d + -14?
-1a142
In base 8, what is 2 + -4446614?
-4446612
In base 5, what is 4143424 - 2?
4143422
In base 13, what is -424c2a + -3?
-424c30
In base 2, what is 11 - -11011100011100?
11011100011111
In base 10, what is -12193 + 7?
-12186
In base 10, what is -4087 + 196?
-3891
In base 3, what is -1111221220202 - 2?
-1111221220211
In base 6, what is -1212 + 1010?
-202
In base 4, what is 10 + -11330033?
-11330023
In base 10, what is -8 + -24515?
-24523
In base 13, what is 1 + 9522?
9523
In base 4, what is -1 + -3120020212?
-3120020213
In base 12, what is 4 + 42b2?
42b6
In base 3, what is -20000221 - -22?
-20000122
In base 3, what is 222110 + -1210101?
-210221
In base 11, what is -504 - -63?
-451
In base 14, what is -77 - -8a05?
896c
In base 16, what is 7 - 20b5?
-20ae
In base 8, what is -53202 - 7?
-53211
In base 14, what is -57c - -d?
-56d
In base 4, what is 12130 - -203?
12333
In base 9, what is 5 - 102613?
-102607
In base 6, what is 153 + -4334?
-4141
In base 4, what is 10 + -130313101?
-130313031
In base 16, what is 4 + 75556?
7555a
In base 9, what is -2 + -261057?
-261060
In base 16, what is 0 + -506a?
-506a
In base 6, what is -111412251 - 5?
-111412300
In base 15, what is -1 + 2d618?
2d617
In base 9, what is 137 - 2464?
-2326
In base 16, what is -5cf8d + 4?
-5cf89
In base 9, what is 1428 + -12?
1416
In base 16, what is -21 - -a33?
a12
In base 8, what is -233474 - -34?
-233440
In base 12, what is 3 + -4171?
-416a
In base 15, what is -9 + -338a5?
-338ae
In base 9, what is -20 + 3073?
3053
In base 3, what is 11002210 + -102?
11002101
In base 16, what is 7 - 82f?
-828
In base 15, what is 8 + 1094?
109c
In base 2, what is 1110101101110 - -11101?
1110110001011
In base 16, what is 1857 + -4?
1853
In base 2, what is -11110 - 10100110000011?
-10100110100001
In base 7, what is -26 + -461504?
-461533
In base 3, what is -1021 - 101210?
-110001
In base 12, what is 75b5 + 7b?
7674
In base 11, what is -534 - 0?
-534
In base 11, what is -6284 - -1?
-6283
In base 2, what is 10101101011 - 1?
10101101010
In base 5, what is -140 - -2110?
1420
In base 4, what is -30020001 - 2?
-30020003
In base 12, what is 5 - 11baa?
-11ba5
In base 7, what is 134512 + -5?
134504
In base 16, what is -1f3e - -4?
-1f3a
In base 12, what is 139508 - -4?
139510
In base 15, what is 2 + -1825e?
-1825c
In base 2, what is 1110 + -10001001100010111?
-10001001100001001
In base 7, what is -2456 + 310?
-2146
In base 8, what is 1541 + -12035?
-10274
In base 12, what is 5633 - -4?
5637
In base 10, what is -1510 + -38?
-1548
In base 6, what is -55412 + 30?
-55342
In base 7, what is -4 - 1264063?
-1264100
In base 10, what is -1644 + -53?
-1697
In base 9, what is 1 + -62834?
-62833
In base 16, what is -544f4 + 7?
-544ed
In base 13, what is 13 - 8bb1?
-8b9b
In base 5, what is -3 + 314444?
314441
In base 16, what is 3b9 + 476?
82f
In base 10, what is -157 + 179?
22
In base 13, what is -bb + -6983?
-6a71
In base 12, what is -711 - -16a7?
b96
In base 13, what is 1 + -2989?
-2988
In base 16, what is -3 + 17c40?
17c3d
In base 12, what is -60004 + -4?
-60008
In base 8, what is 31 - 22620?
-22567
In base 14, what is -36 - -5b48?
5b12
In base 10, what is 1827649 - -3?
1827652
In base 16, what is -5 + -9329?
-932e
In base 6, what is 211315445 + -3?
211315442
In base 11, what is -1 + -9332?
-9333
In base 10, what is 69 + -678?
-609
In base 6, what is -1200 + -4?
-1204
In base 12, what is 3277 - 22?
3255
In base 10, what is -28 + 1629?
1601
In base 3, what is 12202121 - 10?
12202111
In base 4, what is 13233032 + 3?
13233101
In base 7, what is 416 + -13116?
-12400
In base 10, what is -6 - -3663?
3657
In base 3, what is -12112101121 - -121?
-12112101000
In base 9, what is 37 - -4373?
4421
In base 9, what is 1233 - -106?
1340
In base 15, what is 9a - 76d?
-6c3
In base 13, what is -ab + 16b5?
1607
In base 13, what is -8872 - 1?
-8873
In base 11, what is -2 + -90004?
-90006
In base 2, what is 101111110011000010000 - 11?
101111110011000001101
In base 6, what is -11103524 + 11?
-11103513
In base 7, what is 1600 + 441?
2341
In base 3, what is -120 - -120201002122?
120201002002
In base 8, what is 4751 + 1773?
6744
In base 8, what is -343637 - 3?
-343642
In base 3, what is -20100 + 1001222?
211122
In base 6, what is -4 - 33323405?
-33323413
In base 11, what is -2 - 2a15a?
-2a161
In base 16, what is -2 - -29a54?
29a52
In base 14, what is -3a00 + 0?
-3a00
In base 5, what is 2334 + 4411?
12300
In base 15, what is -ec397 + 1?
-ec396
In base 11, what is 2 - 55821?
-5581a
In base 10, what is 43614 + -1?
43613
In base 5, what is 31 + -2024?
-1443
In base 3, what is 220020 - 20101020?
-12111000
In base 6, what is 42425 - 5?
42420
In base 14, what is -2044 + 74?
-1db0
In base 11, what is 2458 + -272?
2196
In base 10, what is -4 + 14871?
14867
In base 6, what is 13 - -10401?
10414
In base 12, what is b + 44a6?
44b5
In base 2, what is 110101000011001010 + -1?
110101000011001001
In base 11, what is 4 + 2470?
2474
In base 15, what is -10b7c + -6?
-10b83
In base 4, what is 2113231303 + -10?
2113231233
In base 11, what is 5 + -20822?
-20818
In base 3, what is 10 + -1210110000?
-1210102220
In base 11, what